{"id":245,"date":"2018-04-04T00:46:35","date_gmt":"2018-04-04T00:46:35","guid":{"rendered":"http:\/\/cajasai.com\/soporte\/?page_id=245"},"modified":"2025-08-04T20:50:17","modified_gmt":"2025-08-04T20:50:17","slug":"politica-y-objetivos-de-calidad","status":"publish","type":"page","link":"https:\/\/cajasai.com\/soporte\/?page_id=245","title":{"rendered":"Politica y Objetivos de Calidad"},"content":{"rendered":"<p><strong>Pol\u00edtica de Calidad<\/strong><\/p>\n<p>La Caja de Compensaci\u00f3n Familiar CAJASAI orienta sus servicios hacia el mejoramiento de la calidad de vida de sus afiliados, beneficiarios y la comunidad isle\u00f1a mediante un equipo de trabajo comprometido y competente, capaz de administrar sus recursos f\u00edsicos, financieros y tecnol\u00f3gicos, encaminados hacia el mejoramiento continuo que destaquen su presencia en la isla, enmarcada en el cumplimiento de los requisitos legales y reglamentarios aplicables.<\/p>\n<p><strong>Objetivos de Calidad<\/strong><\/p>\n<ul>\n<li>Incrementar las coberturas de los servicios que presta la corporaci\u00f3n, redundando as\u00ed en el mejoramiento del bienestar social de los afiliados y comunidad en general.<\/li>\n<\/ul>\n<p>\u00a0<\/p>\n<ul>\n<li>Diversificar los programas de los servicios que presta la entidad y que estos sean acordes con las necesidades y expectativas de los afiliados y la comunidad isle\u00f1a.<\/li>\n<\/ul>\n<p>\u00a0<\/p>\n<ul>\n<li>Fortalecer las competencias laborales del recurso humano a trav\u00e9s de programas de formaci\u00f3n acordes a las necesidades de la corporaci\u00f3n.<\/li>\n<\/ul>\n<p>\u00a0<\/p>\n<ul>\n<li>Optimizar el funcionamiento de la infraestructura tecnol\u00f3gica acorde a las necesidades de los procesos.<\/li>\n<\/ul>\n<p>\u00a0<\/p>\n<ul>\n<li>Mejorar continuamente la eficacia de los procesos que contribuyan a la satisfacci\u00f3n de nuestros afiliados.<\/li>\n<\/ul>\n\n\n<img decoding=\"async\" src=\"http:\/\/intranet.cajasai.com\/publico\/accesibilidad.png\" width=\"50px\" heigth=\"50px\">\n <audio controls>\n  <source src=\"http:\/\/intranet.cajasai.com\/publico\/politica.mp3\" type=\"audio\/mpeg\">\nYour browser does not support the audio element.\n<\/audio>\n<img decoding=\"async\" src=\"https:\/\/cdn.icon-icons.com\/icons2\/1364\/PNG\/512\/deafsignlanguage_89138.png\" width=\"50px\" heigth=\"50px\" onclick=\"window.open('http:\/\/intranet.cajasai.com\/aXJpczo\/politica.html','index','toolbar=mo,menubar=no,width=400,height=400,status=no,resizable=no,screenX=500,screenY=200,scrollbars=no');\">\n","protected":false},"excerpt":{"rendered":"<p>Pol\u00edtica de Calidad La Caja de Compensaci\u00f3n Familiar CAJASAI orienta sus servicios hacia el mejoramiento de la calidad de vida de sus afiliados, beneficiarios y la comunidad isle\u00f1a mediante un equipo de trabajo comprometido&#46;&#46;&#46;<\/p>\n","protected":false},"author":1,"featured_media":0,"parent":0,"menu_order":0,"comment_status":"closed","ping_status":"closed","template":"","meta":{"_joinchat":[],"footnotes":""},"class_list":["post-245","page","type-page","status-publish","hentry"],"_links":{"self":[{"href":"https:\/\/cajasai.com\/soporte\/index.php?rest_route=\/wp\/v2\/pages\/245","targetHints":{"allow":["GET"]}}],"collection":[{"href":"https:\/\/cajasai.com\/soporte\/index.php?rest_route=\/wp\/v2\/pages"}],"about":[{"href":"https:\/\/cajasai.com\/soporte\/index.php?rest_route=\/wp\/v2\/types\/page"}],"author":[{"embeddable":true,"href":"https:\/\/cajasai.com\/soporte\/index.php?rest_route=\/wp\/v2\/users\/1"}],"replies":[{"embeddable":true,"href":"https:\/\/cajasai.com\/soporte\/index.php?rest_route=%2Fwp%2Fv2%2Fcomments&post=245"}],"version-history":[{"count":6,"href":"https:\/\/cajasai.com\/soporte\/index.php?rest_route=\/wp\/v2\/pages\/245\/revisions"}],"predecessor-version":[{"id":2132,"href":"https:\/\/cajasai.com\/soporte\/index.php?rest_route=\/wp\/v2\/pages\/245\/revisions\/2132"}],"wp:attachment":[{"href":"https:\/\/cajasai.com\/soporte\/index.php?rest_route=%2Fwp%2Fv2%2Fmedia&parent=245"}],"curies":[{"name":"wp","href":"https:\/\/api.w.org\/{rel}","templated":true}]}}