{"id":249,"date":"2018-04-04T00:51:29","date_gmt":"2018-04-04T00:51:29","guid":{"rendered":"http:\/\/cajasai.com\/soporte\/?page_id=249"},"modified":"2025-08-04T21:11:52","modified_gmt":"2025-08-04T21:11:52","slug":"marco-legal","status":"publish","type":"page","link":"https:\/\/cajasai.com\/soporte\/?page_id=249","title":{"rendered":"Marco Legal"},"content":{"rendered":"<p>El Sistema del Subsidio Familiar, encargando a las Cajas de Compensaci\u00f3n Familiar es regulado por la Ley 21 de 1982. Decreto \u00danico Reglamentario del Sector Trabajo 1072 de 2015, la Ley 789 de 2002, define que la caja de compensaci\u00f3n familiar tiene por objeto el recaudo y el pago del Subsidio Familiar como prestaci\u00f3n social pagadera en dinero, especie y servicios a los trabajadores de medianos y menores ingresos, en proporci\u00f3n al n\u00famero de personas a cargo. CAJASAI, autorizada por la misma Ley y desplegando su experiencia, capacidad y vocaci\u00f3n de servicio para el mejoramiento de las condiciones de vida de la poblaci\u00f3n trabajadora y de sus familias, ofrece servicios como los de Turismo (Ley 300 de 1996), Educaci\u00f3n (Ley 115 de 1997), Recreaci\u00f3n, Cr\u00e9dito Social y Programas Especiales.<\/p>\n<p>\u00a0<\/p>\n<p>Las cajas de compensaci\u00f3n familiar en Colombia cumplen un papel de suma importancia en el desarrollo social del pa\u00eds y en los \u00faltimos tiempos han ampliado el espectro de sus responsabilidades, abordando campos adicionales tales como el manejo de subsidios de vivienda de inter\u00e9s social y subsidio de desempleo, capacitaci\u00f3n para la intermediaci\u00f3n laboral, cr\u00e9dito y micro cr\u00e9dito de acuerdo con la Ley 789 del 2002<\/p>\n<p>\u00a0<\/p>\n<p>Adicionalmente, han asumido el compromiso de realizar proyectos de inversi\u00f3n para generar mano de obra directa e indirecta y la ejecuci\u00f3n de programas con entes territoriales mediante los cuales apoyan al gobierno para enfrentar los retos sociales.<\/p>\n<p>\u00a0<\/p>\n<p>En consecuencia, la Caja de Compensaci\u00f3n Familiar de San Andr\u00e9s y Providencia Islas CAJASAI, asume\u00a0\u00a0 las\u00a0\u00a0 siguientes funciones:<\/p>\n<p>\u00a0<\/p>\n<ol>\n<li>Recaudar, distribuir y pagar los aportes destinados al subsidio familiar y los otros recursos que el estado le encomiende.<\/li>\n<li>Organizar y administrar las obras y programas que se establezcan para el pago del subsidio familiar en especie o en servicios.<\/li>\n<li>Ejecutar con otras Cajas o mediante vinculaci\u00f3n con organismos y entidades p\u00fablicas o privadas que desarrollen actividades de seguridad social, programas de servicios, dentro del orden de prioridades se\u00f1alado en la<\/li>\n<li>Ejecutar actividades relacionadas con sus servicios, la protecci\u00f3n y la seguridad social directamente o mediante alianzas estrat\u00e9gicas con otras Cajas de Compensaci\u00f3n o a trav\u00e9s de entidades especializadas p\u00fablicas o privadas conforme las disposiciones que regulen la materia.<\/li>\n<li>Participar, asociarse e invertir en el sistema financiero a trav\u00e9s de bancos, cooperativas financieras, compa\u00f1\u00edas de financiamiento comercial y organizaciones no gubernamentales cuya actividad principal sea la operaci\u00f3n de microcr\u00e9dito, conforme las normas del Estatuto Org\u00e1nico del sector Financiero y dem\u00e1s normas esp\u00e9ciales conforme la clase de entidad.<\/li>\n<li>Asociarse, invertir o constituir personas jur\u00eddicas para la realizaci\u00f3n de cualquier actividad, que desarrolle su objeto social, a las cuales tambi\u00e9n podr\u00e1n vincularse los trabajadores afiliados.<\/li>\n<li>Administrar, a trav\u00e9s de los programas que a la Caja corresponda, las actividadesdesubsidioendinero;recreaci\u00f3nsocial,deportes,turismo,centros recreativos y vacacionales; cultura, museos, bibliotecas y teatros; vivienda de inter\u00e9s social; cr\u00e9ditos, jardines sociales o programas de atenci\u00f3n integral para ni\u00f1os y ni\u00f1as de 0 a 6 a\u00f1os; programas de jornada escolar complementaria; educaci\u00f3n y capacitaci\u00f3n; atenci\u00f3n de la tercera edad y programas de nutrici\u00f3n materno infantil y, en general, los programas que est\u00e9n autorizados por Ley, para lo cual puede continuar operando con el sistema de subsidio a la oferta.<\/li>\n<li>Administrar jardines sociales de atenci\u00f3n integral a ni\u00f1os y ni\u00f1as de 0 a 6 a\u00f1os que se refiere el numeral anterior, propiedad de entidades territoriales p\u00fablicas o privadas, pudiendo atender ni\u00f1os cuyas familias no est\u00e9n afiliadas a la Caja.<\/li>\n<li>Crear el Fondo para la Atenci\u00f3n Integral a la Ni\u00f1ez y Jornada Escolar Complementaria con el porcentaje m\u00e1ximo que autoriza para este fin la Ley 633 de 2000 y se mantendr\u00e1 para gastos de administraci\u00f3n el mismo porcentaje en dicha norma para FOVIS.<\/li>\n<li>Administrar directamente o a trav\u00e9s de convenios o alianzas estrat\u00e9gicas el Programa de Microcr\u00e9dito para la peque\u00f1a y mediana empresa y la microempresa, con cargo a los recursos que se prev\u00e9n en la<\/li>\n<li>Realizar actividades de mercadeo, incluyendo la administraci\u00f3n de farmacias.<\/li>\n<li>Invertir en fondos de capital de riesgo, as\u00ed como cualquier otro instrumento financiero para el emprendimiento de microcr\u00e9dito, con recursos y bajo la regulaci\u00f3n del Gobierno Nacional.<\/li>\n<li>Desarrollar y administrar programas ambientales a trav\u00e9s de convenios con instituciones privadas, p\u00fablicas o mixta del orden Nacional e Internacional.<\/li>\n<li>Prestar atenci\u00f3n integral a la poblaci\u00f3n desplazada vulnerable o con riesgo de estarlo a trav\u00e9s de convenios o alianzas estrat\u00e9gicas con otras organizaciones p\u00fablicas o privadas del orden nacional e Internacional.<\/li>\n<li>Desarrollar programas de alimentaci\u00f3n y nutrici\u00f3n, mercadeo de productos alimenticios, suministro, preparaci\u00f3n y distribuci\u00f3n de productos alimenticios.<\/li>\n<li>Asociarse, invertir o constituir personas jur\u00eddicas para la realizaci\u00f3n de cualquier actividad que desarrolle su objeto social.<\/li>\n<\/ol>\n<p>\u00a0<\/p>\n<ul>\n<li>Ley 21 de 1982, por medio de la cual modifica el r\u00e9gimen del Subsidio Familiar.<\/li>\n<\/ul>\n<p>\u00a0<\/p>\n<ul>\n<li>Ley 789 de 2002, por la cual se dictan normas para apoyar el empleo y ampliar la protecci\u00f3n social y se modifican art\u00edculos del C\u00f3digo Sustantivo de Trabajo.<\/li>\n<\/ul>\n<p>\u00a0<\/p>\n<ul>\n<li>Decreto 341 de 1988, por el cual se reglamenta la ley 21 de 1981 (por la cual se crea la Superintendencia del Subsidio Familiar) y la ley 21 de 1982 (por medio de la cual modifican el r\u00e9gimen del Subsidio Familiar) y se dictan otras disposiciones.<\/li>\n<\/ul>\n<p>\u00a0<\/p>\n<ul>\n<li>Decreto 827 de 2003, por el cual se reglamentan los art\u00edculos 6, 7, 10, 11, 16, numerales 8 y 13, 20, 21 numeral 2 y 24 de la Ley 789 de 2002, en lo relacionado con la administraci\u00f3n.<\/li>\n<\/ul>\n<p>\u00a0<\/p>\n<ul>\n<li>Decreto n\u00famero 1769 de 2003, por el cual se expiden los t\u00e9rminos y las condiciones a que debe sujetarse la cuota monetaria en el Sistema de Compensaci\u00f3n Familiar, r\u00e9gimen de organizaci\u00f3n, funcionamiento y tiempo de implantaci\u00f3n.<\/li>\n<\/ul>\n<p>\u00a0<\/p>\n<ul>\n<li>Circular UNICA de la Superintendencia de Subsidio Familiar02\/03\/2022<\/li>\n<\/ul>\n<p>\u00a0<\/p>\n<ul>\n<li>Circular EXTERNA Numero 0031 de 2009 de la Superintendencia de Subsidio Familiar.<\/li>\n<\/ul>\n<p>\u00a0<\/p>\n<ul>\n<li>Estatutos de la Caja de Compensaci\u00f3n Familiar de San Andr\u00e9s y Providencia Islas CAJASAI.<\/li>\n<\/ul>\n<p>\u00a0<\/p>\n<ul>\n<li>C\u00f3digo de \u00c9tica y Buen Gobierno de la Caja de Compensaci\u00f3n Familiar de San Andr\u00e9s y Providencia Islas CAJASAI.<\/li>\n<\/ul>\n<p>\u00a0<\/p>\n\n\n<img decoding=\"async\" src=\"http:\/\/intranet.cajasai.com\/publico\/accesibilidad.png\" width=\"50px\" heigth=\"50px\">\n <audio controls>\n  <source src=\"http:\/\/intranet.cajasai.com\/publico\/marco_legal.mp3\" type=\"audio\/mpeg\">\nYour browser does not support the audio element.\n<\/audio>\n","protected":false},"excerpt":{"rendered":"<p>El Sistema del Subsidio Familiar, encargando a las Cajas de Compensaci\u00f3n Familiar es regulado por la Ley 21 de 1982. Decreto \u00danico Reglamentario del Sector Trabajo 1072 de 2015, la Ley 789 de 2002,&#46;&#46;&#46;<\/p>\n","protected":false},"author":1,"featured_media":0,"parent":0,"menu_order":0,"comment_status":"closed","ping_status":"closed","template":"","meta":{"_joinchat":[],"footnotes":""},"class_list":["post-249","page","type-page","status-publish","hentry"],"_links":{"self":[{"href":"https:\/\/cajasai.com\/soporte\/index.php?rest_route=\/wp\/v2\/pages\/249","targetHints":{"allow":["GET"]}}],"collection":[{"href":"https:\/\/cajasai.com\/soporte\/index.php?rest_route=\/wp\/v2\/pages"}],"about":[{"href":"https:\/\/cajasai.com\/soporte\/index.php?rest_route=\/wp\/v2\/types\/page"}],"author":[{"embeddable":true,"href":"https:\/\/cajasai.com\/soporte\/index.php?rest_route=\/wp\/v2\/users\/1"}],"replies":[{"embeddable":true,"href":"https:\/\/cajasai.com\/soporte\/index.php?rest_route=%2Fwp%2Fv2%2Fcomments&post=249"}],"version-history":[{"count":6,"href":"https:\/\/cajasai.com\/soporte\/index.php?rest_route=\/wp\/v2\/pages\/249\/revisions"}],"predecessor-version":[{"id":2139,"href":"https:\/\/cajasai.com\/soporte\/index.php?rest_route=\/wp\/v2\/pages\/249\/revisions\/2139"}],"wp:attachment":[{"href":"https:\/\/cajasai.com\/soporte\/index.php?rest_route=%2Fwp%2Fv2%2Fmedia&parent=249"}],"curies":[{"name":"wp","href":"https:\/\/api.w.org\/{rel}","templated":true}]}}