{"id":51,"date":"2018-03-01T22:14:25","date_gmt":"2018-03-01T22:14:25","guid":{"rendered":"http:\/\/cajasai.com\/soporte\/?page_id=51"},"modified":"2021-09-10T16:41:58","modified_gmt":"2021-09-10T16:41:58","slug":"servicios-sociales","status":"publish","type":"page","link":"https:\/\/cajasai.com\/soporte\/?page_id=51","title":{"rendered":"Nuestros Servicios"},"content":{"rendered":"\n<img decoding=\"async\" src=\"https:\/\/cdn-icons-png.flaticon.com\/512\/414\/414272.png\" width=\"50px\" heigth=\"50px\"><br>\n <audio controls>\n  <source src=\"http:\/\/intranet.cajasai.com\/publico\/ssociales1.mp3\" type=\"audio\/mpeg\">\nYour browser does not support the audio element.\n<\/audio> \n<audio controls>\n  <source src=\"http:\/\/intranet.cajasai.com\/publico\/ssociales2.mp3\" type=\"audio\/mpeg\">\nYour browser does not support the audio element.\n<\/audio> \n<audio controls>\n  <source src=\"http:\/\/intranet.cajasai.com\/publico\/ssociales3.mp3\" type=\"audio\/mpeg\">\nYour browser does not support the audio element.\n<\/audio> \n<audio controls>\n  <source src=\"http:\/\/intranet.cajasai.com\/publico\/ssociales4.mp3\" type=\"audio\/mpeg\">\nYour browser does not support the audio element.\n<\/audio> \n<audio controls>\n  <source src=\"http:\/\/intranet.cajasai.com\/publico\/ssociales5.mp3\" type=\"audio\/mpeg\">\nYour browser does not support the audio element.\n<\/audio> \n<audio controls>\n  <source src=\"http:\/\/intranet.cajasai.com\/publico\/ssociales6.mp3\" type=\"audio\/mpeg\">\nYour browser does not support the audio element.\n<\/audio> \n<audio controls>\n  <source src=\"http:\/\/intranet.cajasai.com\/publico\/ssociales7.mp3\" type=\"audio\/mpeg\">\nYour browser does not support the audio element.\n<\/audio> \n<audio controls>\n  <source src=\"http:\/\/intranet.cajasai.com\/publico\/ssociales8.mp3\" type=\"audio\/mpeg\">\nYour browser does not support the audio element.\n<\/audio> \n<audio controls>\n  <source src=\"http:\/\/intranet.cajasai.com\/publico\/ssociales9.mp3\" type=\"audio\/mpeg\">\nYour browser does not support the audio element.\n<\/audio> \n\n\n\n<p>Los servicios sociales y programas de la Caja de Compensaci\u00f3n Familiar de San Andr\u00e9s y Providencia Islas tienen gran demanda y acogida por los trabajadores afiliados y sus familias, debido a las diversas actividades encaminadas a satisfacer y complacer sus necesidades; brindando espacios para la interacci\u00f3n, el entretenimiento y la integraci\u00f3n.<\/p>\n<p><strong>EDUCACI\u00d3N\u00a0FORMAL\u00a0<\/strong><\/p>\n<p><strong>Colegio CAJASAI<\/strong><br \/>Colegio CAJASAI desarrolla procesos de aprendizaje en el aula, implementando estrategias y metodolog\u00edas que permita alcanzar las metas propuestas; fortaleciendo los conocimientos y formando estudiantes capaces de liderar su crecimiento intelectual, haci\u00e9ndolos cada vez m\u00e1s responsables, creativos, din\u00e1micos y cumplidores de sus deberes escolares. Las instalaciones del Colegio CAJASAI permiten el sano esparcimiento, la comodidad de los estudiantes, fomentando tambi\u00e9n el desarrollo de sus habilidades deportivas y culturales. Gracias a su nuevo pensum, los estudiantes de la instituci\u00f3n obtienen la Titulaci\u00f3n como Bachiller Acad\u00e9mico con \u00c9nfasis en Humanidades.<\/p>\n<p><a href=\"http:\/\/cajasai.com\/soporte\/wp-content\/uploads\/2018\/04\/EDUCACI\u00d3N-FORMAL-3.jpg\"><img loading=\"lazy\" decoding=\"async\" class=\"alignnone wp-image-332\" src=\"http:\/\/cajasai.com\/soporte\/wp-content\/uploads\/2018\/04\/EDUCACI\u00d3N-FORMAL-3-1024x575.jpg\" alt=\"\" width=\"487\" height=\"274\" srcset=\"https:\/\/cajasai.com\/soporte\/wp-content\/uploads\/2018\/04\/EDUCACI\u00d3N-FORMAL-3-1024x575.jpg 1024w, https:\/\/cajasai.com\/soporte\/wp-content\/uploads\/2018\/04\/EDUCACI\u00d3N-FORMAL-3-300x169.jpg 300w, https:\/\/cajasai.com\/soporte\/wp-content\/uploads\/2018\/04\/EDUCACI\u00d3N-FORMAL-3-768x431.jpg 768w, https:\/\/cajasai.com\/soporte\/wp-content\/uploads\/2018\/04\/EDUCACI\u00d3N-FORMAL-3.jpg 1200w\" sizes=\"auto, (max-width: 487px) 100vw, 487px\" \/><\/a> <a href=\"http:\/\/cajasai.com\/soporte\/wp-content\/uploads\/2018\/04\/EDUCACI\u00d3N-FORMAL-5.jpg\"><img loading=\"lazy\" decoding=\"async\" class=\"alignnone wp-image-333\" src=\"http:\/\/cajasai.com\/soporte\/wp-content\/uploads\/2018\/04\/EDUCACI\u00d3N-FORMAL-5-683x1024.jpg\" alt=\"\" width=\"187\" height=\"281\" srcset=\"https:\/\/cajasai.com\/soporte\/wp-content\/uploads\/2018\/04\/EDUCACI\u00d3N-FORMAL-5-683x1024.jpg 683w, https:\/\/cajasai.com\/soporte\/wp-content\/uploads\/2018\/04\/EDUCACI\u00d3N-FORMAL-5-200x300.jpg 200w, https:\/\/cajasai.com\/soporte\/wp-content\/uploads\/2018\/04\/EDUCACI\u00d3N-FORMAL-5-768x1152.jpg 768w, https:\/\/cajasai.com\/soporte\/wp-content\/uploads\/2018\/04\/EDUCACI\u00d3N-FORMAL-5.jpg 1200w\" sizes=\"auto, (max-width: 187px) 100vw, 187px\" \/><\/a><\/p>\n<p><strong>EDUCACI\u00d3N INFORMAL<\/strong><\/p>\n<p><strong>Educaci\u00f3n Continua y Complementaria<\/strong><br \/>El programa de Educaci\u00f3n Continua y Complementaria de CAJASAI prolonga y complementa la educaci\u00f3n inicial mediante la generaci\u00f3n de conocimientos, el desarrollo de habilidades y el cambio de actitudes del trabajador afiliado y de su familia, mediante la amplia oferta de cursos productivos, talleres y seminarios; de \u00e9sta forma los trabajadores afiliados puedan obtener ingresos adicionales o mayor<br \/>bienestar. As\u00ed mismo, CAJASAI ofrece a los afiliados, y al p\u00fablico en general, el servicio de los salones Hamlet, Swanca, Iris Abrahams, Francisco Newball, Vireo y Terraza Sol y Luna, para realizar eventos, capacitaciones y reuniones, con dotaciones y log\u00edstica de recursos materiales, ayudas educativas y equipos audiovisuales disponibles.<\/p>\n<p><a href=\"http:\/\/cajasai.com\/soporte\/wp-content\/uploads\/2018\/04\/EDUCACI\u00d3N-CONTINUA-Y-COMPLEMENTARIA-SALONES-1.jpg\"><img loading=\"lazy\" decoding=\"async\" class=\"alignnone wp-image-336\" src=\"http:\/\/cajasai.com\/soporte\/wp-content\/uploads\/2018\/04\/EDUCACI\u00d3N-CONTINUA-Y-COMPLEMENTARIA-SALONES-1-1024x768.jpg\" alt=\"\" width=\"371\" height=\"279\" srcset=\"https:\/\/cajasai.com\/soporte\/wp-content\/uploads\/2018\/04\/EDUCACI\u00d3N-CONTINUA-Y-COMPLEMENTARIA-SALONES-1-1024x768.jpg 1024w, https:\/\/cajasai.com\/soporte\/wp-content\/uploads\/2018\/04\/EDUCACI\u00d3N-CONTINUA-Y-COMPLEMENTARIA-SALONES-1-300x225.jpg 300w, https:\/\/cajasai.com\/soporte\/wp-content\/uploads\/2018\/04\/EDUCACI\u00d3N-CONTINUA-Y-COMPLEMENTARIA-SALONES-1-768x576.jpg 768w, https:\/\/cajasai.com\/soporte\/wp-content\/uploads\/2018\/04\/EDUCACI\u00d3N-CONTINUA-Y-COMPLEMENTARIA-SALONES-1.jpg 1200w\" sizes=\"auto, (max-width: 371px) 100vw, 371px\" \/><\/a> <a href=\"http:\/\/cajasai.com\/soporte\/wp-content\/uploads\/2018\/04\/EDUCACI\u00d3N-CONTINUA-Y-COMPLEMENTARIA-SALONES-5.jpg\"><img loading=\"lazy\" decoding=\"async\" class=\"alignnone wp-image-337\" src=\"http:\/\/cajasai.com\/soporte\/wp-content\/uploads\/2018\/04\/EDUCACI\u00d3N-CONTINUA-Y-COMPLEMENTARIA-SALONES-5-1024x768.jpg\" alt=\"\" width=\"368\" height=\"276\" srcset=\"https:\/\/cajasai.com\/soporte\/wp-content\/uploads\/2018\/04\/EDUCACI\u00d3N-CONTINUA-Y-COMPLEMENTARIA-SALONES-5-1024x768.jpg 1024w, https:\/\/cajasai.com\/soporte\/wp-content\/uploads\/2018\/04\/EDUCACI\u00d3N-CONTINUA-Y-COMPLEMENTARIA-SALONES-5-300x225.jpg 300w, https:\/\/cajasai.com\/soporte\/wp-content\/uploads\/2018\/04\/EDUCACI\u00d3N-CONTINUA-Y-COMPLEMENTARIA-SALONES-5-768x576.jpg 768w, https:\/\/cajasai.com\/soporte\/wp-content\/uploads\/2018\/04\/EDUCACI\u00d3N-CONTINUA-Y-COMPLEMENTARIA-SALONES-5.jpg 1200w\" sizes=\"auto, (max-width: 368px) 100vw, 368px\" \/><\/a><\/p>\n<p><strong>Talleres Art\u00edsticos y Culturales\u00a0<\/strong><\/p>\n<p>Con los talleres art\u00edsticos y culturales CAJASAI genera espacios que se convierten en una herramienta para los procesos formativos mediante la l\u00fadica y el manejo del tiempo libre, fortaleciendo los diferentes talentos, a trav\u00e9s de la participaci\u00f3n en las diversas modalidades; de \u00e9sta manera los ni\u00f1os, ni\u00f1as, adolescentes y j\u00f3venes se acercan al conocimiento de la cultura con actividades que apoyan sus procesos educativos.<\/p>\n<p>CAJASAI oferta diferentes modalidades que se ejecutan en los varios sectores de la<br \/>isla:<\/p>\n<ul>\n<li>\u00a0Piano<\/li>\n<li>\u00a0Guitarra<\/li>\n<li>\u00a0Danza T\u00edpica<\/li>\n<li>\u00a0Danza Moderna<\/li>\n<li>\u00a0Manualidades<\/li>\n<li>\u00a0Artesan\u00eda<\/li>\n<li>\u00a0Pintura<\/li>\n<li>\u00a0Dibujo<\/li>\n<\/ul>\n<p><a href=\"http:\/\/cajasai.com\/soporte\/wp-content\/uploads\/2018\/04\/TALLER-DE-ARTE-Y-CULTURA-1.jpg\"><img loading=\"lazy\" decoding=\"async\" class=\"alignnone wp-image-340\" src=\"http:\/\/cajasai.com\/soporte\/wp-content\/uploads\/2018\/04\/TALLER-DE-ARTE-Y-CULTURA-1-1024x768.jpg\" alt=\"\" width=\"355\" height=\"266\" srcset=\"https:\/\/cajasai.com\/soporte\/wp-content\/uploads\/2018\/04\/TALLER-DE-ARTE-Y-CULTURA-1-1024x768.jpg 1024w, https:\/\/cajasai.com\/soporte\/wp-content\/uploads\/2018\/04\/TALLER-DE-ARTE-Y-CULTURA-1-300x225.jpg 300w, https:\/\/cajasai.com\/soporte\/wp-content\/uploads\/2018\/04\/TALLER-DE-ARTE-Y-CULTURA-1-768x576.jpg 768w, https:\/\/cajasai.com\/soporte\/wp-content\/uploads\/2018\/04\/TALLER-DE-ARTE-Y-CULTURA-1.jpg 1200w\" sizes=\"auto, (max-width: 355px) 100vw, 355px\" \/><\/a>\u00a0\u00a0<a href=\"http:\/\/cajasai.com\/soporte\/wp-content\/uploads\/2018\/04\/TALLER-DE-ARTE-Y-CULTURA-3.jpg\"><img loading=\"lazy\" decoding=\"async\" class=\"alignnone wp-image-341\" src=\"http:\/\/cajasai.com\/soporte\/wp-content\/uploads\/2018\/04\/TALLER-DE-ARTE-Y-CULTURA-3-1024x768.jpg\" alt=\"\" width=\"350\" height=\"262\" srcset=\"https:\/\/cajasai.com\/soporte\/wp-content\/uploads\/2018\/04\/TALLER-DE-ARTE-Y-CULTURA-3-1024x768.jpg 1024w, https:\/\/cajasai.com\/soporte\/wp-content\/uploads\/2018\/04\/TALLER-DE-ARTE-Y-CULTURA-3-300x225.jpg 300w, https:\/\/cajasai.com\/soporte\/wp-content\/uploads\/2018\/04\/TALLER-DE-ARTE-Y-CULTURA-3-768x576.jpg 768w, https:\/\/cajasai.com\/soporte\/wp-content\/uploads\/2018\/04\/TALLER-DE-ARTE-Y-CULTURA-3.jpg 1200w\" sizes=\"auto, (max-width: 350px) 100vw, 350px\" \/><\/a><\/p>\n<p><strong>Educaci\u00f3n para el Trabajo y el Desarrollo Humano<\/strong><br \/>La alianza Polit\u00e9cnico Grancolombiano \u2013 CAJASAI permite que los trabajadores afiliados y beneficiarios reciban un apoyo para su formaci\u00f3n profesional totalmente virtual. Teniendo en cuenta la posici\u00f3n geogr\u00e1fica del territorio insular, los altos costos de desplazamiento por v\u00eda a\u00e9rea y la sostenibilidad en la Colombia continental, \u00e9sta din\u00e1mica de educaci\u00f3n universitaria virtual es atractiva y beneficiosa en el sentido de acortar distancias para efectos de la misma.<\/p>\n<p><a href=\"http:\/\/cajasai.com\/soporte\/wp-content\/uploads\/2018\/04\/CONVENIO-POLITECNICO.png\"><img loading=\"lazy\" decoding=\"async\" class=\"alignnone wp-image-310\" src=\"http:\/\/cajasai.com\/soporte\/wp-content\/uploads\/2018\/04\/CONVENIO-POLITECNICO.png\" alt=\"\" width=\"362\" height=\"255\" srcset=\"https:\/\/cajasai.com\/soporte\/wp-content\/uploads\/2018\/04\/CONVENIO-POLITECNICO.png 590w, https:\/\/cajasai.com\/soporte\/wp-content\/uploads\/2018\/04\/CONVENIO-POLITECNICO-300x211.png 300w\" sizes=\"auto, (max-width: 362px) 100vw, 362px\" \/>\u00a0\u00a0<\/a><a href=\"http:\/\/cajasai.com\/soporte\/wp-content\/uploads\/2018\/04\/EDUCACI\u00d3N-CONTINUA-Y-COMPLEMENTARIA-SALONES-5.jpg\"><img loading=\"lazy\" decoding=\"async\" class=\"alignnone wp-image-337\" src=\"http:\/\/cajasai.com\/soporte\/wp-content\/uploads\/2018\/04\/EDUCACI\u00d3N-CONTINUA-Y-COMPLEMENTARIA-SALONES-5-1024x768.jpg\" alt=\"\" width=\"345\" height=\"259\" srcset=\"https:\/\/cajasai.com\/soporte\/wp-content\/uploads\/2018\/04\/EDUCACI\u00d3N-CONTINUA-Y-COMPLEMENTARIA-SALONES-5-1024x768.jpg 1024w, https:\/\/cajasai.com\/soporte\/wp-content\/uploads\/2018\/04\/EDUCACI\u00d3N-CONTINUA-Y-COMPLEMENTARIA-SALONES-5-300x225.jpg 300w, https:\/\/cajasai.com\/soporte\/wp-content\/uploads\/2018\/04\/EDUCACI\u00d3N-CONTINUA-Y-COMPLEMENTARIA-SALONES-5-768x576.jpg 768w, https:\/\/cajasai.com\/soporte\/wp-content\/uploads\/2018\/04\/EDUCACI\u00d3N-CONTINUA-Y-COMPLEMENTARIA-SALONES-5.jpg 1200w\" sizes=\"auto, (max-width: 345px) 100vw, 345px\" \/><\/a><\/p>\n<p><strong>Biblioteca<\/strong><br \/>La Biblioteca de CAJASAI ofrece variada y diversificada prestaci\u00f3n de servicios, donde afiliados y no afiliados gozan de atenci\u00f3n personalizada y oportuna, siendo los estudiantes de las diferentes instituciones educativas p\u00fablicas y privadas de la Isla los mayores beneficiados. Los usuarios pueden hacer uso del servicio de manera grupal o individual, seg\u00fan sea el caso, a trav\u00e9s de las consultas internas y externas con los recursos bibliogr\u00e1ficos y tecnol\u00f3gicos con los que cuenta la Caja.<\/p>\n<p><a href=\"http:\/\/cajasai.com\/soporte\/wp-content\/uploads\/2018\/04\/BIBLIOTECA-5.jpg\"><img loading=\"lazy\" decoding=\"async\" class=\"alignnone wp-image-347\" src=\"http:\/\/cajasai.com\/soporte\/wp-content\/uploads\/2018\/04\/BIBLIOTECA-5-1024x768.jpg\" alt=\"\" width=\"380\" height=\"285\" srcset=\"https:\/\/cajasai.com\/soporte\/wp-content\/uploads\/2018\/04\/BIBLIOTECA-5-1024x768.jpg 1024w, https:\/\/cajasai.com\/soporte\/wp-content\/uploads\/2018\/04\/BIBLIOTECA-5-300x225.jpg 300w, https:\/\/cajasai.com\/soporte\/wp-content\/uploads\/2018\/04\/BIBLIOTECA-5-768x576.jpg 768w, https:\/\/cajasai.com\/soporte\/wp-content\/uploads\/2018\/04\/BIBLIOTECA-5.jpg 1280w\" sizes=\"auto, (max-width: 380px) 100vw, 380px\" \/>\u00a0<\/a><a href=\"http:\/\/cajasai.com\/soporte\/wp-content\/uploads\/2018\/04\/BIBLIOTECA-4.jpg\"><img loading=\"lazy\" decoding=\"async\" class=\"alignnone wp-image-349\" src=\"http:\/\/cajasai.com\/soporte\/wp-content\/uploads\/2018\/04\/BIBLIOTECA-4-1024x768.jpg\" alt=\"\" width=\"378\" height=\"283\" srcset=\"https:\/\/cajasai.com\/soporte\/wp-content\/uploads\/2018\/04\/BIBLIOTECA-4-1024x768.jpg 1024w, https:\/\/cajasai.com\/soporte\/wp-content\/uploads\/2018\/04\/BIBLIOTECA-4-300x225.jpg 300w, https:\/\/cajasai.com\/soporte\/wp-content\/uploads\/2018\/04\/BIBLIOTECA-4-768x576.jpg 768w, https:\/\/cajasai.com\/soporte\/wp-content\/uploads\/2018\/04\/BIBLIOTECA-4.jpg 1200w\" sizes=\"auto, (max-width: 378px) 100vw, 378px\" \/><\/a><\/p>\n<p><strong>Recreaci\u00f3n<\/strong><\/p>\n<p>CAJASAI, a trav\u00e9s de su servicio de Recreaci\u00f3n, ofrece a los afiliados eventos novedosos, din\u00e1micos y creativos de gran demanda e impacto, como las actividades de integraci\u00f3n recreativa y familiar, show navide\u00f1o, paseo por la bah\u00eda, Noche Blanca, D\u00eda N\u00e1utico, CAJASAI en tu Recreo, celebraci\u00f3n de fechas\u00a0 especiales, vacaciones recreativas, baby vacaciones, shows infantiles y CAJASAI activa y saludable (pausas activas y aer\u00f3bicos); cumpliendo as\u00ed con el objetivo de facilitar el esparcimiento y el entretenimiento recreativo de los trabajadores afiliados y sus familias.<\/p>\n<p><a href=\"http:\/\/cajasai.com\/soporte\/wp-content\/uploads\/2018\/04\/RECREACI\u00d3N-3.jpg\"><img loading=\"lazy\" decoding=\"async\" class=\"alignnone wp-image-352\" src=\"http:\/\/cajasai.com\/soporte\/wp-content\/uploads\/2018\/04\/RECREACI\u00d3N-3-1024x680.jpg\" alt=\"\" width=\"284\" height=\"189\" srcset=\"https:\/\/cajasai.com\/soporte\/wp-content\/uploads\/2018\/04\/RECREACI\u00d3N-3-1024x680.jpg 1024w, https:\/\/cajasai.com\/soporte\/wp-content\/uploads\/2018\/04\/RECREACI\u00d3N-3-300x199.jpg 300w, https:\/\/cajasai.com\/soporte\/wp-content\/uploads\/2018\/04\/RECREACI\u00d3N-3-768x510.jpg 768w, https:\/\/cajasai.com\/soporte\/wp-content\/uploads\/2018\/04\/RECREACI\u00d3N-3.jpg 1280w\" sizes=\"auto, (max-width: 284px) 100vw, 284px\" \/>\u00a0<\/a><a href=\"http:\/\/cajasai.com\/soporte\/wp-content\/uploads\/2018\/04\/RECREACI\u00d3N-2.jpg\"><img loading=\"lazy\" decoding=\"async\" class=\"alignnone wp-image-353\" src=\"http:\/\/cajasai.com\/soporte\/wp-content\/uploads\/2018\/04\/RECREACI\u00d3N-2-1024x476.jpg\" alt=\"\" width=\"406\" height=\"189\" srcset=\"https:\/\/cajasai.com\/soporte\/wp-content\/uploads\/2018\/04\/RECREACI\u00d3N-2-1024x476.jpg 1024w, https:\/\/cajasai.com\/soporte\/wp-content\/uploads\/2018\/04\/RECREACI\u00d3N-2-300x140.jpg 300w, https:\/\/cajasai.com\/soporte\/wp-content\/uploads\/2018\/04\/RECREACI\u00d3N-2-768x357.jpg 768w, https:\/\/cajasai.com\/soporte\/wp-content\/uploads\/2018\/04\/RECREACI\u00d3N-2.jpg 1200w\" sizes=\"auto, (max-width: 406px) 100vw, 406px\" \/><\/a><\/p>\n<p><strong>Deportes<\/strong><br \/>El servicio de Deportes contribuye con el desarrollo f\u00edsico y mental de los afiliados y beneficiarios en San Andr\u00e9s, Providencia y Santa Catalina Islas, por medio de Programas Deportivos y Formaci\u00f3n Deportiva.<\/p>\n<ul>\n<li>\u00a0Torneos deportivos para trabajadores afiliados en las disciplinas de futbol de<br \/>sal\u00f3n masculino, voleibol mixto, rana mixta, softbol masculino y baloncesto<br \/>masculino.<\/li>\n<li>\u00a0Formaci\u00f3n Deportiva para ni\u00f1os beneficiarios en las modalidades de f\u00fatbol,<br \/>micro f\u00fatbol, baloncesto y voleibol.<\/li>\n<\/ul>\n<p><a href=\"http:\/\/cajasai.com\/soporte\/wp-content\/uploads\/2018\/04\/FORMACI\u00d3N-DEPORTIVA-1.jpg\"><img loading=\"lazy\" decoding=\"async\" class=\"alignnone wp-image-359\" src=\"http:\/\/cajasai.com\/soporte\/wp-content\/uploads\/2018\/04\/FORMACI\u00d3N-DEPORTIVA-1-1024x768.jpg\" alt=\"\" width=\"332\" height=\"249\" srcset=\"https:\/\/cajasai.com\/soporte\/wp-content\/uploads\/2018\/04\/FORMACI\u00d3N-DEPORTIVA-1-1024x768.jpg 1024w, https:\/\/cajasai.com\/soporte\/wp-content\/uploads\/2018\/04\/FORMACI\u00d3N-DEPORTIVA-1-300x225.jpg 300w, https:\/\/cajasai.com\/soporte\/wp-content\/uploads\/2018\/04\/FORMACI\u00d3N-DEPORTIVA-1-768x576.jpg 768w, https:\/\/cajasai.com\/soporte\/wp-content\/uploads\/2018\/04\/FORMACI\u00d3N-DEPORTIVA-1.jpg 1200w\" sizes=\"auto, (max-width: 332px) 100vw, 332px\" \/><\/a> <a href=\"http:\/\/cajasai.com\/soporte\/wp-content\/uploads\/2018\/04\/FORMACI\u00d3N-DEPORTIVA-2.jpg\"><img loading=\"lazy\" decoding=\"async\" class=\"alignnone wp-image-360\" src=\"http:\/\/cajasai.com\/soporte\/wp-content\/uploads\/2018\/04\/FORMACI\u00d3N-DEPORTIVA-2-1024x768.jpg\" alt=\"\" width=\"326\" height=\"244\" srcset=\"https:\/\/cajasai.com\/soporte\/wp-content\/uploads\/2018\/04\/FORMACI\u00d3N-DEPORTIVA-2-1024x768.jpg 1024w, https:\/\/cajasai.com\/soporte\/wp-content\/uploads\/2018\/04\/FORMACI\u00d3N-DEPORTIVA-2-300x225.jpg 300w, https:\/\/cajasai.com\/soporte\/wp-content\/uploads\/2018\/04\/FORMACI\u00d3N-DEPORTIVA-2-768x576.jpg 768w, https:\/\/cajasai.com\/soporte\/wp-content\/uploads\/2018\/04\/FORMACI\u00d3N-DEPORTIVA-2.jpg 1200w\" sizes=\"auto, (max-width: 326px) 100vw, 326px\" \/><\/a><\/p>\n<p><strong>Turismo<\/strong><br \/>Los servicios tur\u00edsticos de CAJASAI ofrecen la alternativa de Turismo Social a trav\u00e9s de MAGIC TOUR, Agencia Operadora Tur\u00edstica de la Corporaci\u00f3n, facilitando tiquetes, alojamiento, receptivos y paquetes vacacionales a los afiliados a nivel local, regional y viceversa, con otras Cajas del pa\u00eds de acuerdo al convenio suscrito \u2018Cajas Sin Fronteras\u2019; otorgando subsidios a las categor\u00edas de menores y mayores<br \/>ingresos al momento de acceder a los servicios en menci\u00f3n.<\/p>\n<p><strong>Cr\u00e9dito Social<\/strong><br \/>El servicio de Cr\u00e9dito Social facilita a los trabajadores afiliados de la Caja, siendo de mayor impacto social los trabajadores de categor\u00edas A y B por ser el segmento poblacional que devenga entre uno o cuatro salarios m\u00ednimos, cr\u00e9ditos en las siguientes l\u00edneas:<\/p>\n<ul>\n<li>\u00a0Libre Inversi\u00f3n<\/li>\n<li>\u00a0Cr\u00e9ditos educativos<\/li>\n<li>Cr\u00e9ditos de para el fomento del Turismo y la Recreaci\u00f3n<\/li>\n<li>Cr\u00e9ditos Emergentes<\/li>\n<\/ul>","protected":false},"excerpt":{"rendered":"<p>Your browser does not support the audio element. Your browser does not support the audio element. Your browser does not support the audio element. Your browser does not support the audio element. Your browser&#46;&#46;&#46;<\/p>\n","protected":false},"author":1,"featured_media":0,"parent":0,"menu_order":0,"comment_status":"closed","ping_status":"closed","template":"","meta":{"_joinchat":[],"footnotes":""},"class_list":["post-51","page","type-page","status-publish","hentry"],"_links":{"self":[{"href":"https:\/\/cajasai.com\/soporte\/index.php?rest_route=\/wp\/v2\/pages\/51","targetHints":{"allow":["GET"]}}],"collection":[{"href":"https:\/\/cajasai.com\/soporte\/index.php?rest_route=\/wp\/v2\/pages"}],"about":[{"href":"https:\/\/cajasai.com\/soporte\/index.php?rest_route=\/wp\/v2\/types\/page"}],"author":[{"embeddable":true,"href":"https:\/\/cajasai.com\/soporte\/index.php?rest_route=\/wp\/v2\/users\/1"}],"replies":[{"embeddable":true,"href":"https:\/\/cajasai.com\/soporte\/index.php?rest_route=%2Fwp%2Fv2%2Fcomments&post=51"}],"version-history":[{"count":25,"href":"https:\/\/cajasai.com\/soporte\/index.php?rest_route=\/wp\/v2\/pages\/51\/revisions"}],"predecessor-version":[{"id":1509,"href":"https:\/\/cajasai.com\/soporte\/index.php?rest_route=\/wp\/v2\/pages\/51\/revisions\/1509"}],"wp:attachment":[{"href":"https:\/\/cajasai.com\/soporte\/index.php?rest_route=%2Fwp%2Fv2%2Fmedia&parent=51"}],"curies":[{"name":"wp","href":"https:\/\/api.w.org\/{rel}","templated":true}]}}